ighest common divisor of 15 and d?
5
Let g(j) = 17*j**2 + 3*j + 3. Let r be g(3). Let o = 2 - -13. Calculate the highest common factor of o and r.
15
Let r(o) = o**2 + 7*o - 5. Let k be r(5). Calculate the highest common factor of 5 and k.
5
Let y(k) = -k**3 + 7*k - 5. Let p be y(4). Let h = p - -57. Calculate the greatest common factor of h and 64.
16
Suppose -2*a + 13 = 5. Suppose 23 = -z - a*z + 2*y, 4*y - 28 = 4*z. Let s = z - -5. What is the highest common divisor of s and 5?
1
Suppose 2*x + 38 = 4*o, 4*o = -o + 3*x + 48. Calculate the highest common divisor of o and 54.
9
Suppose -3*i = -2*i - 2. Suppose 2*x - 4 = -2*y, -2 + 26 = i*x - 2*y. Calculate the greatest common factor of x and 35.
7
Let w = 4 - 10. Let u = -1 - w. Calculate the greatest common factor of u and 2.
1
Let j be 3*(5/1 + 1). What is the greatest common factor of j and 36?
18
Suppose 5*z - 22 = 28. Let h(m) be the third derivative of m**4/12 + 50*m**3/3 + m**2. Let r be h(0). What is the greatest common factor of r and z?
10
Suppose 0 = -3*m + 6, m = s + 3*s + 38. Let i = 17 + s. Suppose -g + 0*f + 3*f = -35, 0 = -4*g - 2*f + 126. What is the greatest common factor of g and i?
8
Suppose 18 = 4*t - 58. Suppose -3*f - 2*o + 11 = 0, 0*f + o = 2*f - t. What is the highest common factor of 1 and f?
1
Let t(i) = 2*i**2 - 6*i - 8. Let f be t(9). Suppose -4*p - 5*v = f, -3*v - 2*v = p + 25. Let u = 37 + p. What is the greatest common divisor of u and 12?
12
Let j be (-18)/42 - 34/(-14). Calculate the greatest common factor of j and 10.
2
Suppose -3*t = -6*t - 126. Let j = 18 - t. Let c be ((-1)/3 - 1)*-9. What is the greatest common divisor of c and j?
12
Let q(v) = -v + 30. Let a be q(12). Calculate the greatest common divisor of a and 9.
9
Let t be 11/4*4*1. Suppose 0 = -n + 3*o + 22, o + 110 = -2*n + 7*n. Calculate the highest common divisor of t and n.
11
Let j be (20/6)/(((-14)/3)/(-7)). Let v be 274/18 - (-2)/(-9). Calculate the greatest common divisor of v and j.
5
Suppose -3 + 33 = 5*m. Suppose t + 18 = 66. What is the highest common factor of t and m?
6
Suppose -10 = -5*i - 0*i. Suppose 33 = i*a - 9. What is the highest common factor of a and 14?
7
Let a be ((-40)/15)/((-4)/66). Suppose d + 0*d = 3. Suppose -2*o + 5*n + 2 = 0, d*o - 2*n = 13 + 12. Calculate the greatest common factor of o and a.
11
Suppose -j - 10 = -3*j. Suppose 2*u + j*o + 6 = 0, 4*o + 4 = -2*u - 0. What is the greatest common divisor of u and 6?
2
Let i(z) = z**2 - 2*z - 13. Let d be i(9). Calculate the highest common factor of 400 and d.
50
Let y be (-6)/(2 + 4/(-8)). Let p(a) = -a**2 - 3*a + 5. Let z be p(y). Calculate the greatest common divisor of 1 and z.
1
Let a(h) be the second derivative of -h**4/12 - 2*h**3 - 5*h**2/2 - 2*h. Let u be a(-9). Calculate the greatest common divisor of u and 11.
11
Let o(l) = l + 8. Let k be o(-11). Let t be (0 - -1)/(k/(-6)). Let a be (t/(-5) + 0)*-120. Calculate the highest common factor of 120 and a.
24
Let s be ((-2)/3)/(1/(-54)). Suppose -j = 2, -5*q - 3*j + 103 - 19 = 0. What is the greatest common factor of s and q?
18
Suppose 3*m = -2*u + 118, -u = 4*u + 5. Let t be m/(-6)*9/(-3). Calculate the highest common divisor of 8 and t.
4
Let b be ((-36)/1)/(3/(-2)). Suppose p - b = -3*p. Suppose p - 5 = l. Calculate the highest common divisor of 1 and l.
1
Let k = 15 - 8. Suppose -k = v + b - 3, -3*v + 5*b - 4 = 0. Let x be (-3)/(-9) - 98/v. What is the highest common divisor of x and 3?
3
Suppose 10*u - 13*u = -69. Calculate the greatest common factor of 230 and u.
23
Let u = -55 + 65. Calculate the highest common divisor of u and 70.
10
Let v be (9*2/7)/(42/196). Suppose -5*z = -4*z - 5. Suppose 17 = 3*j - 5*y, 6*j - 15 = j - z*y. Calculate the highest common divisor of v and j.
4
Let j be 69 + 0 - (0 + -1). Suppose -j = -4*m + 114. What is the greatest common divisor of 69 and m?
23
Let h be 443/7 - (-42)/(-147). Calculate the greatest common divisor of 42 and h.
21
Let w be (-3)/(1*6/4) + 47. What is the highest common factor of 9 and w?
9
Let j be ((-4)/8)/(1/16). Let f be (-18)/j*(-16)/(-6). Suppose -f = -h - 2*h. What is the greatest common divisor of h and 2?
2
Let b be (-12)/60 + 52/10. Let c be 2/b - 1548/(-30). Let t be (-260)/(-14)*(2 - -5). Calculate the highest common factor of c and t.
26
Suppose 2 = -q + 14. Calculate the greatest common divisor of q and 12.
12
Suppose w = 5*w - 4*n - 24, -4*n = 4. Suppose 2*u = 4*o + 5*u - 80, -w*u = -4*o + 80. Calculate the greatest common factor of o and 20.
20
Let f(y) = 1. Let g(k) = -11*k + 2. Let j(n) = -3*f(n) - g(n). Let r be j(2). What is the highest common factor of r and 153?
17
Let r(i) = 4*i + 3. Let v be r(-3). Let h be 3/(-2)*12/v. What is the highest common factor of 5 and h?
1
Let i = -47 - -60. Suppose 0 = -4*s + 410 + 162. Calculate the greatest common divisor of s and i.
13
Let c be 1 + (-1 + 0)/(-1). Let v(q) = -3 + 0 - 2*q - 2*q**2 + c - 17*q**3. Let a be v(-1). What is the greatest common divisor of 24 and a?
8
Let s(l) = 28*l + 9. Let z be s(4). Let u = -81 + 48. Let d = u + z. Calculate the greatest common divisor of d and 11.
11
Let w be 55/20 - 6*(-4)/(-32). Calculate the greatest common factor of 14 and w.
2
Suppose -4*u + u + 108 = 0. Calculate the highest common divisor of 12 and u.
12
Let c = 6 - 2. Suppose 2*l + 143 = -5*f, 5*f - 3 = -8. Let w be (-1)/(-3) + l/(-9). What is the greatest common divisor of w and c?
4
Let g(a) = -6*a**2 + 7 - 9*a**2 - a**2 - a + 8*a + a**3. Let d be g(16). What is the greatest common factor of 17 and d?
17
Let k(f) = 14*f - 6. Let x(r) = -13*r + 5. Let s(p) = -5*k(p) - 6*x(p). Let g be s(2). Suppose -4 = -5*c + 36. What is the highest common factor of c and g?
8
Let q(p) = p**2 + 3*p - 3. Let v be q(2). Calculate the greatest common divisor of 7 and v.
7
Suppose -j - j + 4 = 0. Let s(b) = -1 - 3 - 4*b**2 + j*b + 2*b**3 + 2*b**2. Let n be s(4). Calculate the greatest common factor of 40 and n.
20
Let z be 7/(2*1/2). What is the greatest common divisor of 7 and z?
7
Let m be (-214)/(-14) - (-12)/(-42). What is the greatest common divisor of m and 3?
3
Suppose 3*p + 0*p = -36. Let l be ((-40)/(-2))/(p/(-66)). Calculate the highest common divisor of l and 10.
10
Let w(f) = f**3 + f**2 + f + 13. Let g be w(0). Let h be (12 - g)*(-7 - 0). Let v be 2/(-6) + (-380)/(-6). Calculate the highest common factor of v and h.
7
Let n be 2/((-2 - -3)/1). Let i = n - -7. Suppose -5*u + 4 = -1. What is the greatest common divisor of u and i?
1
Suppose -2*v + 16 = 2*v. Suppose -v*u = 2*p - 40, -5*p + 19 + 0 = u. Calculate the highest common factor of u and 36.
9
Let b be (3/(-3) + 7)*5. What is the highest common divisor of b and 20?
10
Let u = -15 - -31. Calculate the highest common factor of 48 and u.
16
Let q(k) = 2*k**2 - k - 16. Let w be q(8). Let i be w/24*6/2. Calculate the highest common divisor of i and 91.
13
Suppose 0 = q - 5*t - 11 - 27, -5*t - 92 = -4*q. What is the highest common factor of q and 12?
6
Suppose -85 = 2*s + 3*s. Let b = s - -27. What is the highest common divisor of 80 and b?
10
Let l be 7 - (-2 + 0/2). Suppose -4 = 5*b - 19, 4*u + 76 = 4*b. Let a = 2 - u. What is the greatest common factor of l and a?
9
Suppose 8*r = 113 + 15. What is the greatest common divisor of 48 and r?
16
Let y be (-74)/10 - 6/10. Let w be 15/(-2) - 4/y. Let z be (w/(-2))/((-2)/(-4)). Calculate the greatest common divisor of 77 and z.
7
Let w = -19 + 34. Suppose -w = u - 2*u. What is the highest common factor of u and 3?
3
Let j = 2 - -2. Suppose 4 = 3*p - 2*k - 3*k, 0 = -j*p - 3*k + 44. Calculate the highest common factor of 4 and p.
4
Suppose 0*u = 2*u. Suppose 4*g + 12 + u = 4*o, -4*o + 10 = -5*g. Suppose -5*c = -g*c - 42. What is the greatest common factor of 112 and c?
14
Let m = -94 + 227. Let t = 0 + 3. Suppose -t*b - 4 = -3*a + 47, -a + 3*b + 13 = 0. Calculate the greatest common divisor of a and m.
19
Suppose 5*n - 162 - 63 = -4*p, 5*n - p = 225. What is the highest common factor of 30 and n?
15
Suppose 0 = 2*d - 4 - 0. Let r(c) = -9 - d + 10 + c. Let h be r(3). What is the highest common factor of 18 and h?
2
Suppose 0 = -26*b + 23*b + 198. Calculate the highest common divisor of 88 and b.
22
Suppose 0 = 4*g - 3 - 17. Suppose -g*j = -2 - 3. Let b be (j